he remainder when 26539419 is divided by 23?
18
Calculate the remainder when 53602 is divided by 51908.
1694
Calculate the remainder when 2703725 is divided by 16.
13
What is the remainder when 1794368 is divided by 5606?
448
Calculate the remainder when 7251581 is divided by 1970.
11
What is the remainder when 1102191 is divided by 338?
311
What is the remainder when 275911 is divided by 2486?
2451
Calculate the remainder when 3943940 is divided by 143.
0
Calculate the remainder when 3117488 is divided by 5119.
17
What is the remainder when 3936915 is divided by 54?
45
What is the remainder when 2766229 is divided by 1003?
958
Calculate the remainder when 49033 is divided by 47918.
1115
What is the remainder when 686903 is divided by 2538?
1643
Calculate the remainder when 20112571 is divided by 66.
61
What is the remainder when 24627551 is divided by 8?
7
What is the remainder when 149645200 is divided by 1763?
1760
What is the remainder when 721533 is divided by 312?
189
What is the remainder when 2176483 is divided by 2176422?
61
Calculate the remainder when 10236023 is divided by 2047198.
33
What is the remainder when 57571 is divided by 19049?
424
Calculate the remainder when 486077 is divided by 2009.
1908
What is the remainder when 595513 is divided by 196219?
6856
Calculate the remainder when 163065 is divided by 53800.
1665
What is the remainder when 469387 is divided by 156449?
40
What is the remainder when 18301299 is divided by 9673?
9656
What is the remainder when 83607252 is divided by 135?
132
What is the remainder when 231684 is divided by 327?
168
What is the remainder when 4560254 is divided by 36482?
4
What is the remainder when 42422 is divided by 13871?
809
What is the remainder when 87651 is divided by 43811?
29
What is the remainder when 37490981 is divided by 6111?
6107
What is the remainder when 40807815 is divided by 220?
15
Calculate the remainder when 7487973 is divided by 3718.
3639
Calculate the remainder when 2113595 is divided by 18.
17
What is the remainder when 166177 is divided by 27590?
637
What is the remainder when 10785139 is divided by 171?
169
What is the remainder when 98214 is divided by 94525?
3689
Calculate the remainder when 1051066 is divided by 7561.
87
Calculate the remainder when 1759188 is divided by 1759148.
40
What is the remainder when 1410100 is divided by 1182?
1156
Calculate the remainder when 166105 is divided by 6137.
406
What is the remainder when 332003 is divided by 108?
11
Calculate the remainder when 12140421 is divided by 1510.
21
What is the remainder when 4457141 is divided by 919?
910
What is the remainder when 29724528 is divided by 2370?
2358
Calculate the remainder when 3601131 is divided by 153.
123
Calculate the remainder when 1086695 is divided by 464.
7
What is the remainder when 3637 is divided by 1055?
472
Calculate the remainder when 91016 is divided by 237.
8
What is the remainder when 84559 is divided by 17834?
13223
Calculate the remainder when 163048 is divided by 1495.
93
Calculate the remainder when 91465 is divided by 6968.
881
Calculate the remainder when 22140 is divided by 1793.
624
Calculate the remainder when 12637338 is divided by 815.
763
What is the remainder when 255480 is divided by 127642?
196
Calculate the remainder when 124036 is divided by 35.
31
What is the remainder when 1564597 is divided by 29?
18
What is the remainder when 269372574 is divided by 444?
438
What is the remainder when 5681677 is divided by 29592?
13
Calculate the remainder when 60042259 is divided by 563.
561
What is the remainder when 1094790 is divided by 218934?
120
Calculate the remainder when 1361301 is divided by 1942.
1901
Calculate the remainder when 87426233 is divided by 3459.
8
Calculate the remainder when 237942 is divided by 23780.
142
Calculate the remainder when 225817 is divided by 219464.
6353
Calculate the remainder when 398403 is divided by 43.
8
What is the remainder when 11086168 is divided by 2771533?
36
Calculate the remainder when 5329635 is divided by 308.
3
Calculate the remainder when 747357 is divided by 417.
93
Calculate the remainder when 91763 is divided by 508.
323
Calculate the remainder when 28513829 is divided by 6659.
6650
What is the remainder when 13355658 is divided by 145?
143
What is the remainder when 12105727 is divided by 1210570?
27
What is the remainder when 2545176 is divided by 10098?
480
What is the remainder when 9452177 is divided by 168?
161
Calculate the remainder when 8138830 is divided by 325552.
30
What is the remainder when 1562599 is divided by 79?
58
What is the remainder when 4466657 is divided by 244?
237
What is the remainder when 955344 is divided by 46?
16
What is the remainder when 141328 is divided by 67?
25
What is the remainder when 4177834 is divided by 778?
752
What is the remainder when 948292 is divided by 297?
268
Calculate the remainder when 83656 is divided by 1908.
1612
Calculate the remainder when 160078851 is divided by 1948.
3
Calculate the remainder when 6391031 is divided by 1714.
1239
What is the remainder when 680627 is divided by 1800?
227
Calculate the remainder when 11620053 is divided by 24.
21
Calculate the remainder when 897202 is divided by 18.
10
What is the remainder when 14339487 is divided by 40507?
9
What is the remainder when 184058 is divided by 29?
24
Calculate the remainder when 3050 is divided by 481.
164
What is the remainder when 269184 is divided by 2049?
765
What is the remainder when 93302120 is divided by 67?
64
Calculate the remainder when 24045 is divided by 5715.
1185
Calculate the remainder when 558 is divided by 387.
171
Calculate the remainder when 652152 is divided by 4876.
3644
What is the remainder when 1545272 is divided by 235?
147
What is the remainder when 18049741 is divided by 3?
1
Calculate the remainder when 553234 is divided by 184393.
55
Calculate the remainder when 575282 is divided by 8108.
7722
Calculate the remainder when 197064 is divided by 376.
40
What is the remainder when 7187951 is divided by 98465?
6
Calculate the remainder when 3401590 is divided by 271.
269
Calculate the remainder when 228085 is divided by 442.
13
Calculate the remainder when 1063919 is divided by 143.
142
What is the remainder when 2710199 is divided by 542036?
19
What is the remainder when 3746797 is divided by 28?
5
What is the remainder when 8897090 is divided by 51?
38
What is the remainder when 67569 is divided by 16454?
1753
What is the remainder when 511818 is divided by 60?
18
What is the remainder when 20643419 is divided by 805?
804
What is the remainder when 7927231 is divided by 409?
402
What is the remainder when 7180025 is divided by 11?
6
Calculate the remainder when 1212160 is divided by 1212095.
65
What is the remainder when 71127176 is divided by 597?
596
Calculate the remainder when 224177 is divided by 1710.
167
What is the remainder when 21177195 is divided by 44?
39
Calculate the remainder when 3668468 is divided by 1025.
1018
Calculate the remainder when 4768530 is divided by 956.
2
Calculate the remainder when 1379483 is divided by 689731.
21
What is the remainder when 145452 is divided by 1300?
1152
Calculate the remainder when 3999759 is divided by 416.
335
What is the remainder when 38555 is divided by 26?
23
What is the remainder when 296671 is divided by 11910?
10831
What is the remainder when 1192428 is divided by 596197?
34
Calculate the remainder when 5681460 is divided by 7555.
100
What is the remainder when 414242 is divided by 233?
201
Calculate the remainder when 1614481 is divided by 8073.
7954
What is the remainder when 376131 is divided by 53552?
1267
What is the remainder when 4961007 is divided by 17?
16
What is the remainder when 199508 is divided by 199464?
44
Calculate the remainder when 13963638 is divided by 213.
210
Calculate the remainder when 1681359 is divided by 80.
79
Calculate the remainder when 19358670 is divided by 3871724.
50
Calculate the remainder when 131450 is divided by 2349.
2255
Calculate the remainder when 5465506 is divided by 516.
34
What is the remainder when 1135391 is divided by 378461?
8
Calculate the remainder when 11526918 is divided by 23381.
85
Calculate the remainder when 300864 is divided by 4